s 549741119 a prime number?
True
Is 345499837 a prime number?
True
Is 3368669713 a prime number?
True
Is 61298809703 composite?
False
Is 2202588361 a prime number?
False
Is 1334518271 a prime number?
True
Is 24841493191 a composite number?
True
Is 1314993029 prime?
False
Is 103426471 prime?
False
Is 1494129613 prime?
False
Is 3511627349 prime?
True
Is 443820493 composite?
True
Is 21864590081 composite?
True
Is 2653209547 prime?
True
Is 1576361093 a prime number?
True
Is 11141671253 prime?
True
Is 12246627097 a prime number?
False
Is 5233811683 prime?
True
Is 261144817 a prime number?
True
Is 1106542637 a prime number?
False
Is 8198486119 a prime number?
False
Is 3291314891 a prime number?
True
Is 5501300423 prime?
True
Is 3107856641 prime?
False
Is 20653678729 composite?
False
Is 165840728059 a composite number?
False
Is 2745447857 a prime number?
False
Is 109422140747 prime?
False
Is 2096415803 prime?
True
Is 10986795499 a composite number?
False
Is 1058599331 prime?
False
Is 60924541 prime?
True
Is 653763479 a composite number?
True
Is 64646018053 prime?
True
Is 8324230097 prime?
False
Is 512927447 prime?
False
Is 151656714617 a prime number?
False
Is 421929583 prime?
False
Is 509353283 a prime number?
False
Is 1756487461 composite?
False
Is 24079658221 composite?
False
Is 11667869 composite?
False
Is 11720825117 a prime number?
False
Is 215657651 a prime number?
False
Is 1579436823 a composite number?
True
Is 63612137255 a prime number?
False
Is 7263039893 composite?
False
Is 2078570561 a prime number?
True
Is 28179386735 a prime number?
False
Is 6700553 a prime number?
True
Is 338997677 a prime number?
False
Is 4015076339 prime?
False
Is 23222234897 a composite number?
True
Is 29142854033 a prime number?
False
Is 347597023549 a prime number?
True
Is 20556748999 composite?
True
Is 103733033 composite?
True
Is 127186079 a prime number?
False
Is 92936101 a composite number?
False
Is 209423329 a prime number?
True
Is 2966662453 a prime number?
False
Is 17071540289 composite?
True
Is 151832103989 a composite number?
True
Is 1082784071 prime?
False
Is 688303919 composite?
True
Is 1220750743 composite?
True
Is 768468691 composite?
False
Is 15006185863 prime?
True
Is 13454641 a composite number?
True
Is 35163005299 prime?
True
Is 165408542627 composite?
False
Is 481266913207 prime?
True
Is 2434539049 prime?
False
Is 2248204835 a prime number?
False
Is 923821033 a composite number?
False
Is 85040431391 composite?
True
Is 2567230403 a prime number?
True
Is 9877368797 composite?
True
Is 541090643 composite?
False
Is 734578441 prime?
True
Is 2675713387 prime?
False
Is 391834301 composite?
False
Is 1009157113 prime?
False
Is 101882262109 composite?
False
Is 3911017763 a prime number?
True
Is 10118512949 composite?
True
Is 678762871 a composite number?
False
Is 507615439 a composite number?
True
Is 7906204069 a prime number?
False
Is 10882253607 a composite number?
True
Is 35094894059 prime?
True
Is 1056331291 prime?
False
Is 77352491 a composite number?
False
Is 33273939199 a composite number?
False
Is 1703239715 composite?
True
Is 306926921 a prime number?
False
Is 20386667309 composite?
False
Is 6849007567 a composite number?
True
Is 30716823391 composite?
False
Is 31103585771 a prime number?
False
Is 2665106009 prime?
True
Is 135806793 a prime number?
False
Is 203787388717 composite?
True
Is 157893101 a prime number?
False
Is 14739106979 a prime number?
True
Is 4668454979 prime?
False
Is 468212617 a composite number?
True
Is 169506737 a prime number?
True
Is 197903539 a prime number?
False
Is 491726089 prime?
True
Is 6619135969 prime?
False
Is 684442483 prime?
True
Is 1008205357 composite?
False
Is 156542957069 a composite number?
False
Is 6751747763 composite?
False
Is 11772983881 a composite number?
True
Is 45676905095 a prime number?
False
Is 5670890279 a composite number?
True
Is 23421996193 composite?
False
Is 25067143 composite?
False
Is 120718861 composite?
True
Is 557180849 composite?
False
Is 6347907749 composite?
True
Is 188716807 prime?
True
Is 13817662633 composite?
True
Is 3255246349 prime?
True
Is 702519361 prime?
False
Is 412840657 composite?
False
Is 6007269877 composite?
True
Is 85367922074 a composite number?
True
Is 1493394491 prime?
False
Is 10601071319 a composite number?
False
Is 2644652437 prime?
False
Is 2333943257 a prime number?
True
Is 9499215493 a prime number?
False
Is 658598489 composite?
False
Is 150739027031 prime?
True
Is 399239999 a composite number?
False
Is 935604053 composite?
False
Is 2445888121 composite?
True
Is 1302351073 a prime number?
False
Is 25227712451 composite?
True
Is 1202165477 composite?
False
Is 38307381239 a prime number?
False
Is 83014255411 prime?
True
Is 1695556077 composite?
True
Is 3895518733 a composite number?
False
Is 724298388971 prime?
True
Is 9019343789 a composite number?
False
Is 768823831 a composite number?
False
Is 10007871947 a composite number?
False
Is 267836773 composite?
False
Is 284981681 composite?
False
Is 3947668831 a prime number?
False
Is 26625020309 composite?
False
Is 398477011 prime?
True
Is 361790903 prime?
False
Is 6859502203 prime?
True
Is 4202616619 prime?
True
Is 2418971717 a composite number?
False
Is 2824334503 prime?
True
Is 81990497 prime?
True
Is 80818283921 a prime number?
False
Is 91578701 composite?
True
Is 88068168319 prime?
True
Is 1031100527 composite?
False
Is 151436827 prime?
True
Is 10648079173 composite?
True
Is 142987699 a composite number?
False
Is 10540270271 a composite number?
True
Is 116698529039 a composite number?
False
Is 23890847681 a prime number?
True
Is 1514900509 prime?
False
Is 18506172677 a prime number?
True
Is 545314967929 prime?
True
Is 10301593799 composite?
True
Is 11804912153 composite?
True
Is 731062903 composite?
True
Is 436780657 a prime number?
True
Is 510602291 a composite number?
False
Is 1733923091 composite?
True
Is 5427951197 a composite number?
True
Is 1313752243 composite?
True
Is 2827768871 a composite number?
True
Is 23049005981 composite?
False
Is 18939102383 a prime number?
False
Is 437609701 a prime number?
True
Is 845884049 a composite number?
False
Is 212699287 prime?
True
Is 91118286463 composite?
True
Is 62317217471 prime?
True
Is 34734254957 composite?
True
Is 1310596709 a prime number?
False
Is 2187488911 composite?
False
Is 1909684383 composite?
True
Is 40924244909 a composite number?
True
Is 2734408373 a prime number?
False
Is 17147350709 a prime number?
True
Is 57179512553 a composite number?
True
Is 83121478783 a composite number?
True
Is 25919978621 prime?
False
Is 20282257937 a prime number?
False
Is 242333599 a composite number?
True
Is 29653710686 a composite number?
True
Is 12460117469 prime?
False
Is 56263127387 composite?
True
Is 5599293467 prime?
False
Is 11047940879 prime?
True
Is 3056496361 prime?
False
Is 49029827771 a composite number?
False
Is 3831632537 a prime number?
False
Is 2833485307 prime?
True
Is 5467575811 composite?
False
Is 1060839137 composite?
True
Is 328044383 prime?
True
Is 190595947 prime?
False
Is 1825062467 prime?
False
Is 22704421 a prime number?
False
Is 1004289001 a prime number?
False
Is 43647468595 a prime number?
False
Is 7975507153 prime?
True
Is 1408252513 prime?
False
Is 12922467022 a composite number?
True
Is 8710876219 prime?
False
Is 39369242167 a prime number?
True
Is 87746839247 a prime number?
True
Is 499310503 a prime number?
False
Is 67403987571 prime?
False
Is 212012099 a prime number?
False
Is 179856050021 a prime number?
False
Is 13725760346 prime?
False
Is 5197153139 prime?
False
Is 664418897 composite?
False
Is 20201851 composite?
True
Is 41966020711 composite?
True
Is 69461332259 a prime number?
False
Is 2066086717 a composite number?
False
Is 12328934867 prime?
True
Is 34467276827 a prime number?
True
Is 710100763 prime?
True
Is 85668282883 prime?
True
Is 515599813 a prime number?
True
Is 947718913 a prime number?
False
Is 121576907 prime?
True
Is 747267797 a prime number?
False
Is 44893564061 prime?
True
Is 1805674243 prime?
True
Is 8041554401 prime?
True
Is 10273576823 a prime number?
True
Is 2696301791 a prime number?
True
Is 14726478301 prime?
False
Is 584191687 composite?
False
Is 47898741419 composite?
False
Is 15047933473 a composite 